e hundred millions digit of 817136586?
8
What is the tens digit of 122698980?
8
What is the tens digit of 260326513?
1
What is the ten millions digit of 3322876734?
2
What is the thousands digit of 533956311?
6
What is the ten thousands digit of 61672846?
7
What is the ten thousands digit of 58014089?
1
What is the millions digit of 67799128?
7
What is the ten thousands digit of 193433719?
3
What is the ten millions digit of 632063114?
3
What is the thousands digit of 65576041?
6
What is the units digit of 3544795255?
5
What is the hundred millions digit of 101895964?
1
What is the thousands digit of 390899133?
9
What is the hundred thousands digit of 97460749?
4
What is the units digit of 26655322?
2
What is the millions digit of 61915310?
1
What is the ten millions digit of 867034700?
6
What is the hundred thousands digit of 46171627?
1
What is the hundred millions digit of 175897260?
1
What is the thousands digit of 28484403?
4
What is the thousands digit of 72723766?
3
What is the thousands digit of 35422238?
2
What is the ten thousands digit of 1023158557?
5
What is the billions digit of 1174692906?
1
What is the hundred thousands digit of 135583728?
5
What is the millions digit of 6793626761?
3
What is the millions digit of 334414424?
4
What is the ten millions digit of 53294646?
5
What is the thousands digit of 4972179218?
9
What is the millions digit of 137468006?
7
What is the tens digit of 57495189?
8
What is the hundred thousands digit of 9541160?
5
What is the ten thousands digit of 40993449?
9
What is the units digit of 8760659?
9
What is the tens digit of 51380657?
5
What is the millions digit of 15450312?
5
What is the thousands digit of 2042300304?
0
What is the thousands digit of 432405583?
5
What is the ten thousands digit of 332477095?
7
What is the tens digit of 70322958?
5
What is the ten millions digit of 845037040?
4
What is the hundred thousands digit of 655236732?
2
What is the tens digit of 901739731?
3
What is the hundred thousands digit of 154407480?
4
What is the ten thousands digit of 351070325?
7
What is the ten millions digit of 64739453?
6
What is the thousands digit of 1347390379?
0
What is the ten thousands digit of 1102324275?
2
What is the tens digit of 31293936?
3
What is the units digit of 3866379506?
6
What is the ten thousands digit of 567540859?
4
What is the ten thousands digit of 144630031?
3
What is the ten millions digit of 1777564399?
7
What is the tens digit of 5215446?
4
What is the hundred thousands digit of 3913904388?
9
What is the thousands digit of 423068706?
8
What is the units digit of 11199536?
6
What is the units digit of 165182568?
8
What is the ten millions digit of 35274248?
3
What is the ten millions digit of 688318765?
8
What is the tens digit of 294454992?
9
What is the ten thousands digit of 1499823017?
2
What is the thousands digit of 48402015?
2
What is the hundreds digit of 331664436?
4
What is the hundred millions digit of 3391871329?
3
What is the ten thousands digit of 279825203?
2
What is the ten millions digit of 35129436?
3
What is the hundred thousands digit of 345550329?
5
What is the ten millions digit of 8953550285?
5
What is the tens digit of 1463270129?
2
What is the millions digit of 8310170265?
0
What is the ten thousands digit of 29562710?
6
What is the hundreds digit of 534082515?
5
What is the ten millions digit of 85346201?
8
What is the ten thousands digit of 10742239?
4
What is the millions digit of 256532050?
6
What is the hundred thousands digit of 21865960?
8
What is the millions digit of 116846867?
6
What is the ten thousands digit of 35440659?
4
What is the hundreds digit of 937486691?
6
What is the tens digit of 97784590?
9
What is the tens digit of 95326746?
4
What is the thousands digit of 376038682?
8
What is the ten millions digit of 20529163?
2
What is the thousands digit of 30729899?
9
What is the units digit of 141118287?
7
What is the units digit of 140568920?
0
What is the ten thousands digit of 3233810425?
1
What is the units digit of 78222414?
4
What is the hundreds digit of 44456595?
5
What is the ten thousands digit of 641281165?
8
What is the units digit of 73384649?
9
What is the hundreds digit of 60030961?
9
What is the tens digit of 105864236?
3
What is the ten millions digit of 102630876?
0
What is the ten thousands digit of 129046816?
4
What is the millions digit of 48461461?
8
What is the ten millions digit of 3470497929?
7
What is the tens digit of 258603322?
2
What is the hundred millions digit of 3286092980?
2
What is the hundred thousands digit of 45646860?
6
What is the ten millions digit of 283492150?
8
What is the hundred millions digit of 590548308?
5
What is the hundred millions digit of 1039017481?
0
What is the thousands digit of 5351802188?
2
What is the thousands digit of 388669703?
9
What is the millions digit of 232097739?
2
What is the ten millions digit of 550728269?
5
What is the hundred millions digit of 305193692?
3
What is the thousands digit of 276995580?
5
What is the ten thousands digit of 2923246122?
4
What is the hundreds digit of 98649713?
7
What is the hundred millions digit of 1029444443?
0
What is the hundreds digit of 1266696074?
0
What is the units digit of 492693143?
3
What is the ten thousands digit of 462547327?
4
What is the thousands digit of 7017078870?
8
What is the units digit of 58605494?
4
What is the hundred thousands digit of 62338061?
3
What is the thousands digit of 1746204986?
4
What is the ten thousands digit of 121245822?
4
What is the thousands digit of 90028515?
8
What is the ten thousands digit of 1875861637?
6
What is the thousands digit of 804552558?
2
What is the units digit of 650755404?
4
What is the millions digit of 751815795?
1
What is the ten millions digit of 842460463?
4
What is the hundred thousands digit of 605037318?
0
What is the hundred thousands digit of 40229580?
2
What is the hundreds digit of 1545677074?
0
What is the ten millions digit of 180258917?
8
What is the hundreds digit of 49722239?
2
What is the hundreds digit of 572998774?
7
What is the hundreds digit of 124552401?
4
What is the ten thousands digit of 392854840?
5
What is the ten millions digit of 231661758?
3
What is the hundred thousands digit of 16002291?
0
What is the hundred millions digit of 105009960?
1
What is the hundreds digit of 63647711?
7
What is the hundred thousands digit of 53845421?
8
What is the tens digit of 320258086?
8
What is the ten thousands digit of 42177475?
7
What is the hundred thousands digit of 27720731?
7
What is the millions digit of 2863330520?
3
What is the hundred millions digit of 141384646?
1
What is the ten millions digit of 5782511375?
8
What is the hundreds digit of 463067028?
0
What is the units digit of 51852844?
4
What is the units digit of 70854643?
3
What is the ten thousands digit of 485676829?
7
What is the tens digit of 17592913?
1
What is the units digit of 278860?
0
What is the thousands digit of 24935508?
5
What is the hundred millions digit of 2397589088?
3
What is the millions digit of 128269644?
8
What is the tens digit of 124753933?
3
What is the billions digit of 2707516571?
2
What is the tens digit of 31818239?
3
What is the hundreds digit of 1521473106?
1
What is the hundred thousands digit of 2698923158?
9
What is the units digit of 41271410?
0
What is the tens digit of 98129911?
1
What is the ten millions digit of 226480460?
2
What is the hundreds digit of 261341066?
0
What is the units digit of 280199767?
7
What is the hundreds digit of 72205479?
4
What is the hundreds digit of 550702012?
0
What is the hundred thousands digit of 1130146546?
1
What is the tens digit of 66658131?
3
What is the units digit of 337568605?
5
What is the hundred thousands digit of 50861099?
8
What is the tens digit of 53409786?
8
What is the thousands digit of 105531693?
1
What is the hundreds digit of 2701032244?
2
What is the ten thousands digit of 246504850?
0
What is the hundred thousands digit of 73638016?
6
What is the hundred millions digit of 420770707?
4
What is the ten thousands digit of 51951276?
5
What is the units digit of 708539417?
7
What is the ten thousands digit of 43588664?
8
What is the billions digit of 3425956480?
3
What is the billions 